{"id":5800,"date":"2024-03-31T16:04:32","date_gmt":"2024-03-31T19:04:32","guid":{"rendered":"https:\/\/www.tehagolapega.cl\/web\/tienda\/sin categor\u00eda\/reparacion-de-encimera-electrica-vitroceramica\/"},"modified":"2024-03-31T16:04:32","modified_gmt":"2024-03-31T19:04:32","slug":"reparacion-de-encimera-electrica-vitroceramica","status":"publish","type":"product","link":"https:\/\/www.tehagolapega.cl\/web\/tienda\/otras-categorias\/reparacion-de-encimera-electrica-vitroceramica\/","title":{"rendered":"Reparaci\u00f3n de encimera (el\u00e9ctrica, vitrocer\u00e1mica)"},"content":{"rendered":"","protected":false},"excerpt":{"rendered":"","protected":false},"featured_media":0,"comment_status":"open","ping_status":"closed","template":"","meta":[],"product_cat":[15],"product_tag":[],"class_list":{"0":"post-5800","1":"product","2":"type-product","3":"status-publish","5":"product_cat-otras-categorias","7":"first","8":"instock","9":"taxable","10":"shipping-taxable","11":"purchasable","12":"product-type-simple"},"_links":{"self":[{"href":"https:\/\/www.tehagolapega.cl\/web\/wp-json\/wp\/v2\/product\/5800","targetHints":{"allow":["GET"]}}],"collection":[{"href":"https:\/\/www.tehagolapega.cl\/web\/wp-json\/wp\/v2\/product"}],"about":[{"href":"https:\/\/www.tehagolapega.cl\/web\/wp-json\/wp\/v2\/types\/product"}],"replies":[{"embeddable":true,"href":"https:\/\/www.tehagolapega.cl\/web\/wp-json\/wp\/v2\/comments?post=5800"}],"wp:attachment":[{"href":"https:\/\/www.tehagolapega.cl\/web\/wp-json\/wp\/v2\/media?parent=5800"}],"wp:term":[{"taxonomy":"product_cat","embeddable":true,"href":"https:\/\/www.tehagolapega.cl\/web\/wp-json\/wp\/v2\/product_cat?post=5800"},{"taxonomy":"product_tag","embeddable":true,"href":"https:\/\/www.tehagolapega.cl\/web\/wp-json\/wp\/v2\/product_tag?post=5800"}],"curies":[{"name":"wp","href":"https:\/\/api.w.org\/{rel}","templated":true}]}}